11.
-417
4b0 (base 15) to base 12
749
What is 1e5c (base 16) in base 12?
45b8
Convert 77 (base 15) to base 11.
a2
142d (base 15) to base 9
5827
What is -101110110 (base 2) in base 4?
-11312
281e (base 16) to base 2
10100000011110
Convert 8665 (base 10) to base 6.
104041
What is 13321 (base 4) in base 7?
1321
Convert 40146 (base 10) to base 7.
225021
Convert 11741 (base 10) to base 9.
17085
-1536 (base 8) to base 3
-1011221
394 (base 14) to base 13
433
What is -134113 (base 5) in base 10?
-5533
What is -948 (base 10) in base 6?
-4220
What is -1087 (base 16) in base 8?
-10207
What is -42 (base 12) in base 11?
-46
What is 22122 (base 3) in base 8?
351
What is -36b7 (base 13) in base 15?
-2470
120002 (base 3) to base 10
407
67338 (base 9) to base 4
22323023
-25482 (base 9) to base 7
-101021
Convert -100063 (base 9) to base 14.
-1777c
1282 (base 11) to base 3
2021121
20301122 (base 4) to base 7
206516
Convert 1000201001 (base 3) to base 2.
100111011100101
-2022200 (base 3) to base 2
-11010011100
What is -1544 (base 8) in base 5?
-11433
What is 100111010 (base 2) in base 5?
2224
Convert 1375 (base 9) to base 7.
3014
What is -b0bc (base 15) in base 13?
-13c95
-728a (base 12) to base 4
-3003022
Convert -1320011 (base 4) to base 14.
-2b2d
-1f77 (base 16) to base 14
-2d15
What is 74 (base 9) in base 4?
1003
126332 (base 7) to base 10
23837
What is -100111010 (base 2) in base 8?
-472
What is -f94 (base 16) in base 12?
-2384
What is -1900 (base 14) in base 11?
-3429
What is -73a7 (base 14) in base 4?
-10313213
Convert -1503 (base 7) to base 2.
-1001001111
Convert -1100101110000 (base 2) to base 12.
-3928
Convert -a822 (base 11) to base 13.
-6682
552 (base 10) to base 12
3a0
Convert -572 (base 10) to base 16.
-23c
561 (base 11) to base 12
480
-2222430 (base 5) to base 4
-21203023
Convert 6e8 (base 15) to base 16.
620
What is -3a8 (base 16) in base 14?
-4ac
What is 13d5 (base 14) in base 10?
3519
Convert 1a0c6 (base 13) to base 8.
143005
Convert 22da (base 16) to base 3.
110020110
-280 (base 14) to base 6
-2200
-a9 (base 14) to base 10
-149
What is 213 (base 8) in base 13?
a9
Convert -79a (base 14) to base 4.
-113210
What is -10343 (base 5) in base 14?
-399
What is -341113 (base 5) in base 15?
-3873
What is -8892 (base 13) in base 15?
-599c
What is 5011 (base 6) in base 16?
43f
What is 322144 (base 6) in base 10?
26416
Convert -135114 (base 6) to base 14.
-4938
What is 5556 (base 12) in base 11?
709a
Convert 1010100011 (base 2) to base 6.
3043
What is 1013132 (base 6) in base 12?
241a8
482 (base 16) to base 12
802
-111110010001 (base 2) to base 16
-f91
What is -2012121 (base 3) in base 16?
-649
Convert -23a2 (base 12) to base 2.
-111110101010
-aa6 (base 12) to base 9
-2130
21a (base 12) to base 4
10312
What is -222 (base 15) in base 9?
-585
What is 120121 (base 3) in base 14?
221
-7b6a (base 14) to base 16
-53d2
Convert -120323 (base 4) to base 16.
-63b
280 (base 14) to base 3
200200
Convert 1417 (base 10) to base 7.
4063
Convert -1445 (base 7) to base 5.
-4242
Convert -242 (base 11) to base 4.
-10200
What is 147b0 (base 12) in base 8?
70164
-3521 (base 6) to base 12
-5a1
-1a9a (base 11) to base 15
-bba
Convert -10410 (base 5) to base 8.
-1332
-11100 (base 4) to base 12
-240
Convert -2c3c (base 13) to base 8.
-14511
Convert 10254 (base 10) to base 7.
41616
What is 1832 (base 10) in base 7?
5225
What is 8b3 (base 16) in base 9?
3044
What is -1011011 (base 2) in base 14?
-67
What is -2536 (base 8) in base 9?
-1786
Convert -1730 (base 8) to base 7.
-2604
What is -167511 (base 8) in base 6?
-1151333
What is -188a (base 13) in base 10?
-3663
What is -1a (base 16) in base 13?
-20
Convert 10ac (base 13) to base 9.
3178
Convert -233133 (base 4) to base 6.
-22023
10001000110 (base 2) to base 9
1445
-9ea (base 15) to base 14
-b65
Convert -4214 (base 5) to base 8.
-1057
-246555 (base 8) to base 5
-10212412
1206 (base 8) to base 7
1612
2064 (base 7) to base 16
2dc
-173 (base 16) to base 11
-308
What is 9a89 (base 12) in base 13?
7a22
What is -1103030 (base 4) in base 12?
-30b8
Convert -15530 (base 8) to base 11.
-5294
What is 243404 (base 5) in base 15?
2b04
Convert -20210111 (base 3) to base 16.
-135a
What is -1220200210 (base 3) in base 6?
-450250
Convert 9a (base 15) to base 11.
122
380 (base 14) to base 4
22330
Convert -4502 (base 11) to base 5.
-142211
What is 7b77 (base 13) in base 3?
212210002
What is 315 (base 13) in base 10?
525
-311130 (base 5) to base 3
-111221111
403312 (base 6) to base 8
76174
Convert -11334 (base 6) to base 10.
-1642
Convert -1110010110 (base 2) to base 7.
-2451
What is -15654 (base 10) in base 16?
-3d26
-22010100 (base 3) to base 10
-5922
-1723 (base 10) to base 9
-2324
Convert -217b (base 13) to base 10.
-4665
What is 288c (base 16) in base 15?
3120
Convert 22212122 (base 3) to base 11.
4952
-137 (base 16) to base 8
-467
Convert -120211 (base 3) to base 2.
-110101011
What is 404453 (base 6) in base 16?
7d91
What is -36472 (base 8) in base 5?
-1000144
What is 12110 (base 8) in base 14?
1c6c
Convert -c50 (base 13) to base 7.
-6050
What is 652 (base 10) in base 16?
28c
Convert -253241 (base 7) to base 2.
-1011011010110111
What is -b09 (base 14) in base 8?
-4165
What is 2587 (base 11) in base 16?
d22
What is -7a8 (base 12) in base 11?
-943
Convert -213102 (base 4) to base 14.
-cb8
What is 665 (base 7) in base 14?
1a5
Convert -398 (base 13) to base 11.
-525
Convert 670 (base 8) to base 16.
1b8
-1113 (base 5) to base 12
-112
398c (base 15) to base 6
132510
What is -1896 (base 12) in base 14?
-113c
Convert 434 (base 5) to base 11.
a9
What is -644 (base 7) in base 3?
-110002
What is 2d9 (base 14) in base 10?
583
Convert 2844 (base 9) to base 2.
100001100010
What is -1140040 (base 5) in base 11?
-14a87
What is -271 (base 13) in base 10?
-430
What is 682 (base 9) in base 16?
230
-46 (base 11) to base 6
-122
-21220 (base 3) to base 11
-184
What is -c735 (base 13) in base 9?
-41756
What is -84801 (base 9) in base 13?
-1c68a
Convert -2858 (base 11) to base 16.
-e6d
What is 840 (base 16) in base 4?
201000
What is -121000202 (base 3) in base 9?
-17022
-13013 (base 4) to base 11
-384
Convert -130320 (base 4) to base 12.
-10a0
What is -79c (base 15) in base 4?
-122322
Convert 143026 (base 7) to base 9.
41601
Convert -121002 (base 3) to base 8.
-662
-467 (base 14) to base 2
-1101101011
-5179 (base 15) to base 13
-7ab2
-97 (base 15) to base 6
-354
12200 (base 3) to base 11
12a
What is 25965 (base 12) in base 8?
144435
What is -4040 (base 5) in base 15?
-24a
Convert -3237 (base 8) to base 10.
-1695
What is -2886 (base 10) in base 12?
-1806
Convert 53613 (base 7) to base 14.
4c0a
Convert 3890 (base 11) to base 12.
2b18
Convert a16 (base 12) to base 7.
4152
-2a63 (base 12) to base 2
-1001101101011
Convert 23200 (base 11) to base 10.
33517
Convert 199 (base 11) to base 10.
229
Convert 415 (base 10) to base 5.
3130
-14014 (base 6) to base 4
-201322
-62655 (base 10) to base 14
-18b95
Convert 1212010 (base 3) to base 2.
10101001001
390 (base 10) to base 14
1dc
What is -5503 (base 6) in base 13?
-762
What is 1010011001001 (base 2) in base 13?
2564
What is 21743 (base 8) in base 15?
2ac7
What is 140343 (base 7) in base 9?
40423
-20214 (base 5) to base 6
-10021
5405 (base 6) to base 11
a18
-50c3 (base 14) to base 3
-201001111
Convert 311 (base 10) to base 16.
137
What is 10811 (base 9) in base 13?
3394
-cd5 (base 15) to base 14
-10b2
-1010101010001 (base 2) to base 16
-1551
31333320 (base 4) to base 12
29220
Convert -30654 (base 10) to base 9.
-46040
Convert 102 (base 7) to base 13.
3c
-78 (base 14) to base 2
-1101010
-aef (base 16) to base 4
-223233
-60056 (base 7) to base 6
-150515
Convert ea89 (base 15) to base 4.
30013131
What is 1111011100010 (base 2) in base 3?
101211211
Convert 1164 (base 8) to base 9.
767
What is 56f (base 16) in base 9?
1815
Convert -21212101 (base 3) to base 10.
-5734
Convert 267 (base 16) to base 6.
2503
What is -1011021 (base 3) in base 4?
-31030
1662 (base 13) to base 4
303123
What is 2035 (base 7) in base 15?
327
What is -100000100111110 (base 2) in base 5?
-1013302
What is 3ea (base 16) in base 10?
1002
3c8 (base 15) to base 10
863
b5e1 (base 16) to base 5
2442221
What is 1306 (base 9) in base 14?
4dc
What is 1001122 (base 3) in